{"id":3820,"date":"2024-08-19T23:49:18","date_gmt":"2024-08-20T02:49:18","guid":{"rendered":"https:\/\/www.itdeaf.com.br\/libras\/?page_id=3820"},"modified":"2024-08-28T17:36:03","modified_gmt":"2024-08-28T20:36:03","slug":"3820-2","status":"publish","type":"page","link":"https:\/\/www.itdeaf.com.br\/libras\/","title":{"rendered":"Principalmente"},"content":{"rendered":"\n[et_pb_section fb_built=&#8221;1&#8243; _builder_version=&#8221;4.27.0&#8243; _module_preset=&#8221;default&#8221; global_colors_info=&#8221;{}&#8221; collapsed=&#8221;off&#8221;][et_pb_row column_structure=&#8221;1_3,1_3,1_3&#8243; _builder_version=&#8221;4.27.0&#8243; _module_preset=&#8221;default&#8221; global_colors_info=&#8221;{}&#8221;][et_pb_column type=&#8221;1_3&#8243; _builder_version=&#8221;4.27.0&#8243; _module_preset=&#8221;default&#8221; global_colors_info=&#8221;{}&#8221;][et_pb_de_mach_filter_posts filter_update_type=&#8221;update_field&#8221; scrollto=&#8221;on&#8221; select2=&#8221;on&#8221; hide_reset=&#8221;on&#8221; disabled_on=&#8221;off|off|off&#8221; _builder_version=&#8221;4.27.0&#8243; _module_preset=&#8221;default&#8221; module_alignment=&#8221;center&#8221; global_colors_info=&#8221;{}&#8221;][et_pb_de_mach_search_posts_item title=&#8221;Pesquisar&#8221; filter_post_type=&#8221;search&#8221; post_type_choose=&#8221;sinalizado&#8221; filter_params=&#8221;yes_title&#8221; show_label=&#8221;off&#8221; acf_filter_width=&#8221;et_pb_column_3_4&#8243; range_prettify_enabled=&#8221;off&#8221; field_id=&#8221;Field_1&#8243; conditional_logic=&#8221;on&#8221; conditional_logic_rules=&#8221;%91{%22field%22:%22field_2%22,%22condition%22:%22is%22,%22value%22:%22%22}%93&#8243; text_placeholder=&#8221;Pesquisar&#8221; _builder_version=&#8221;4.27.0&#8243; _module_preset=&#8221;default&#8221; global_colors_info=&#8221;{}&#8221;][\/et_pb_de_mach_search_posts_item][et_pb_de_mach_search_posts_item title=&#8221;temas&#8221; filter_post_type=&#8221;taxonomy&#8221; custom_tax_choose=&#8221;temas&#8221; post_type_choose=&#8221;sinalizado&#8221; custom_label=&#8221;Tema&#8221; radio_show_empty=&#8221;on&#8221; acf_filter_width=&#8221;et_pb_column_3_4&#8243; field_id=&#8221;Field_2&#8243; field_title=&#8221;@ET-DC@eyJkeW5hbWljIjp0cnVlLCJjb250ZW50IjoiY3VzdG9tX21ldGFfdGVtYXMiLCJzZXR0aW5ncyI6eyJiZWZvcmUiOiIiLCJhZnRlciI6IiIsImVuYWJsZV9odG1sIjoib2ZmIn19@&#8221; select_placeholder=&#8221;Selecione Todos&#8221; _builder_version=&#8221;4.24.3&#8243; _dynamic_attributes=&#8221;field_title&#8221; _module_preset=&#8221;default&#8221; border_width_all=&#8221;1px&#8221; border_color_all=&#8221;#000000&#8243; global_colors_info=&#8221;{}&#8221;][\/et_pb_de_mach_search_posts_item][et_pb_de_mach_search_posts_item title=&#8221;palavra&#8221; filter_post_type=&#8221;taxonomy&#8221; custom_tax_choose=&#8221;palavra&#8221; post_type_choose=&#8221;sinalizado&#8221; show_label=&#8221;off&#8221; hide_module_for_empty=&#8221;off&#8221; acf_filter_width=&#8221;et_pb_column_3_4&#8243; field_id=&#8221;Field_3&#8243; conditional_logic=&#8221;on&#8221; conditional_logic_rules=&#8221;%91{%22field%22:%22field_1%22,%22condition%22:%22is%22,%22value%22:%22%22}%93&#8243; select_placeholder=&#8221;Selecione todas palavras&#8221; _builder_version=&#8221;4.24.3&#8243; _dynamic_attributes=&#8221;link_option_url&#8221; _module_preset=&#8221;default&#8221; link_option_url=&#8221;@ET-DC@eyJkeW5hbWljIjp0cnVlLCJjb250ZW50IjoicG9zdF9saW5rX3VybCIsInNldHRpbmdzIjp7fX0=@&#8221; border_width_all=&#8221;1px&#8221; global_colors_info=&#8221;{}&#8221;][\/et_pb_de_mach_search_posts_item][\/et_pb_de_mach_filter_posts][et_pb_de_mach_archive_loop post_type_choose=&#8221;sinalizado&#8221; loop_layout=&#8221;3689&#8243; no_posts_layout=&#8221;3689&#8243; include_current_terms=&#8221;on&#8221; post_status=&#8221;private&#8221; _builder_version=&#8221;4.27.0&#8243; _module_preset=&#8221;default&#8221; global_colors_info=&#8221;{}&#8221;][\/et_pb_de_mach_archive_loop][\/et_pb_column][et_pb_column type=&#8221;1_3&#8243; _builder_version=&#8221;4.27.0&#8243; _module_preset=&#8221;default&#8221; global_colors_info=&#8221;{}&#8221;][et_pb_text _builder_version=&#8221;4.16&#8243; _module_preset=&#8221;default&#8221; text_font=&#8221;|||on|||||&#8221; width=&#8221;250px&#8221; max_width=&#8221;250px&#8221; module_alignment=&#8221;center&#8221; locked=&#8221;off&#8221; global_colors_info=&#8221;{}&#8221;]<p><strong>V\u00eddeo em Libras<\/strong><\/p>[\/et_pb_text][et_pb_de_mach_acf_item acf_name=&#8221;field_66bf88aa5e866&#8243; is_author_acf_field=&#8221;on&#8221; acf_tag=&#8221;img&#8221; image=&#8221;https:\/\/www.itdeaf.com.br\/libras\/wp-content\/uploads\/2022\/03\/free-video.png&#8221; is_video=&#8221;on&#8221; video_width=&#8221;300px&#8221; video_height=&#8221;300px&#8221; is_oembed_video=&#8221;on&#8221; defer_video=&#8221;on&#8221; defer_video_icon=&#8221;&#x49;||divi||400&#8243; video_icon_font_size=&#8221;on&#8221; user_field_return=&#8221;user_url&#8221; _builder_version=&#8221;4.27.0&#8243; _module_preset=&#8221;default&#8221; button_icon=&#8221;&#x49;||divi||400&#8243; width=&#8221;300px&#8221; max_width=&#8221;300px&#8221; min_height=&#8221;300px&#8221; height=&#8221;300px&#8221; max_height=&#8221;300px&#8221; border_width_all=&#8221;1px&#8221; border_color_all=&#8221;#000000&#8243; global_colors_info=&#8221;{}&#8221;][\/et_pb_de_mach_acf_item][\/et_pb_column][et_pb_column type=&#8221;1_3&#8243; _builder_version=&#8221;4.27.0&#8243; _module_preset=&#8221;default&#8221; global_colors_info=&#8221;{}&#8221;][et_pb_text _builder_version=&#8221;4.16&#8243; _module_preset=&#8221;default&#8221; text_font=&#8221;|||on|||||&#8221; width=&#8221;250px&#8221; max_width=&#8221;250px&#8221; module_alignment=&#8221;center&#8221; locked=&#8221;off&#8221; global_colors_info=&#8221;{}&#8221;]<p><strong>Imagem de m\u00e3o<\/strong><\/p>[\/et_pb_text][et_pb_text _builder_version=&#8221;4.17.6&#8243; _dynamic_attributes=&#8221;background_image&#8221; _module_preset=&#8221;default&#8221; background_image=&#8221;@ET-DC@eyJkeW5hbWljIjp0cnVlLCJjb250ZW50IjoicG9zdF9mZWF0dXJlZF9pbWFnZSIsInNldHRpbmdzIjp7fX0=@&#8221; width=&#8221;300px&#8221; max_width=&#8221;300px&#8221; module_alignment=&#8221;center&#8221; min_height=&#8221;300px&#8221; height=&#8221;300px&#8221; max_height=&#8221;300px&#8221; max_height_last_edited=&#8221;off|desktop&#8221; border_width_all=&#8221;1px&#8221; border_color_all=&#8221;#000000&#8243; global_colors_info=&#8221;{}&#8221; max_height__hover_enabled=&#8221;off|desktop&#8221;][\/et_pb_text][\/et_pb_column][\/et_pb_row][et_pb_row column_structure=&#8221;1_3,1_3,1_3&#8243; _builder_version=&#8221;4.27.0&#8243; _module_preset=&#8221;default&#8221; global_colors_info=&#8221;{}&#8221;][et_pb_column type=&#8221;1_3&#8243; _builder_version=&#8221;4.17.6&#8243; _module_preset=&#8221;default&#8221; global_colors_info=&#8221;{}&#8221;][et_pb_text _builder_version=&#8221;4.17.6&#8243; _module_preset=&#8221;default&#8221; text_font=&#8221;|||on|||||&#8221; width=&#8221;300px&#8221; width_last_edited=&#8221;off|desktop&#8221; module_alignment=&#8221;center&#8221; locked=&#8221;off&#8221; global_colors_info=&#8221;{}&#8221; width__hover_enabled=&#8221;off|desktop&#8221; width__hover=&#8221;250px&#8221;]<p><strong>Temas<\/strong><\/p>[\/et_pb_text][et_pb_de_mach_post_meta _builder_version=&#8221;4.27.0&#8243; _module_preset=&#8221;default&#8221; width=&#8221;300px&#8221; min_height=&#8221;30px&#8221; global_colors_info=&#8221;{}&#8221;][et_pb_de_mach_post_meta_item meta_item=&#8221;taxonomy&#8221; custom_tax_choose=&#8221;temas&#8221; post_type_choose=&#8221;sinalizado&#8221; link_item=&#8221;off&#8221; _builder_version=&#8221;4.27.0&#8243; _module_preset=&#8221;default&#8221; width=&#8221;300px&#8221; min_height=&#8221;30px&#8221; border_width_all=&#8221;1px&#8221; border_color_all=&#8221;#000000&#8243; global_colors_info=&#8221;{}&#8221;][\/et_pb_de_mach_post_meta_item][\/et_pb_de_mach_post_meta][et_pb_text _builder_version=&#8221;4.17.6&#8243; _module_preset=&#8221;default&#8221; text_font=&#8221;|||on|||||&#8221; width=&#8221;300px&#8221; module_alignment=&#8221;center&#8221; locked=&#8221;off&#8221; global_colors_info=&#8221;{}&#8221;]<p><strong>Par\u00e2metros da Libras<\/strong><\/p>[\/et_pb_text][et_pb_text _builder_version=&#8221;4.17.6&#8243; _module_preset=&#8221;default&#8221; width=&#8221;300px&#8221; module_alignment=&#8221;center&#8221; min_height=&#8221;100px&#8221; border_width_all=&#8221;1px&#8221; border_color_all=&#8221;#000000&#8243; global_colors_info=&#8221;{}&#8221;][\/et_pb_text][\/et_pb_column][et_pb_column type=&#8221;1_3&#8243; _builder_version=&#8221;4.17.6&#8243; _module_preset=&#8221;default&#8221; global_colors_info=&#8221;{}&#8221;][et_pb_text _builder_version=&#8221;4.17.6&#8243; _module_preset=&#8221;default&#8221; text_font=&#8221;|||on|||||&#8221; width=&#8221;300px&#8221; module_alignment=&#8221;center&#8221; locked=&#8221;off&#8221; global_colors_info=&#8221;{}&#8221; width__hover_enabled=&#8221;off|desktop&#8221; width__hover=&#8221;250px&#8221; min_height__hover_enabled=&#8221;off|desktop&#8221;]<p><strong>Palavra<\/strong><\/p>[\/et_pb_text][et_pb_de_mach_title title_tag=&#8221;h6&#8243; _builder_version=&#8221;4.17.6&#8243; _module_preset=&#8221;default&#8221; width=&#8221;300px&#8221; module_alignment=&#8221;center&#8221; min_height=&#8221;30px&#8221; border_width_all=&#8221;1px&#8221; border_color_all=&#8221;#000000&#8243; global_colors_info=&#8221;{}&#8221;][\/et_pb_de_mach_title][et_pb_text _builder_version=&#8221;4.17.6&#8243; _module_preset=&#8221;default&#8221; text_font=&#8221;|||on|||||&#8221; width=&#8221;300px&#8221; module_alignment=&#8221;center&#8221; locked=&#8221;off&#8221; global_colors_info=&#8221;{}&#8221;]<p><strong>Exemplo em Portugu\u00eas<\/strong><\/p>[\/et_pb_text][et_pb_text _builder_version=&#8221;4.17.6&#8243; _module_preset=&#8221;default&#8221; width=&#8221;300px&#8221; module_alignment=&#8221;center&#8221; min_height=&#8221;100px&#8221; border_width_all=&#8221;1px&#8221; border_color_all=&#8221;#000000&#8243; global_colors_info=&#8221;{}&#8221;][\/et_pb_text][\/et_pb_column][et_pb_column type=&#8221;1_3&#8243; _builder_version=&#8221;4.17.6&#8243; _module_preset=&#8221;default&#8221; global_colors_info=&#8221;{}&#8221;][et_pb_text _builder_version=&#8221;4.17.6&#8243; _module_preset=&#8221;default&#8221; text_font=&#8221;|||on|||||&#8221; width=&#8221;300px&#8221; module_alignment=&#8221;center&#8221; locked=&#8221;off&#8221; global_colors_info=&#8221;{}&#8221;]<p><strong>Varia\u00e7\u00f5es Lingu\u00edsticas<\/strong><\/p>[\/et_pb_text][et_pb_text _builder_version=&#8221;4.17.6&#8243; _dynamic_attributes=&#8221;content&#8221; _module_preset=&#8221;default&#8221; width=&#8221;300px&#8221; module_alignment=&#8221;center&#8221; min_height=&#8221;30px&#8221; border_width_all=&#8221;1px&#8221; border_color_all=&#8221;#000000&#8243; global_colors_info=&#8221;{}&#8221;]@ET-DC@eyJkeW5hbWljIjp0cnVlLCJjb250ZW50IjoiY3VzdG9tX21ldGFfdmFyaWFjYW9fbGluZ3Vpc3RpY2EiLCJzZXR0aW5ncyI6eyJiZWZvcmUiOiIiLCJhZnRlciI6IiIsImVuYWJsZV9odG1sIjoib24ifX0=@[\/et_pb_text][et_pb_text _builder_version=&#8221;4.17.6&#8243; _module_preset=&#8221;default&#8221; text_font=&#8221;|||on|||||&#8221; width=&#8221;300px&#8221; module_alignment=&#8221;center&#8221; locked=&#8221;off&#8221; global_colors_info=&#8221;{}&#8221;]<p><strong>Exemplo em Libras<\/strong><\/p>[\/et_pb_text][et_pb_text _builder_version=&#8221;4.17.6&#8243; _module_preset=&#8221;default&#8221; width=&#8221;300px&#8221; module_alignment=&#8221;center&#8221; min_height=&#8221;100px&#8221; border_width_all=&#8221;1px&#8221; border_color_all=&#8221;#000000&#8243; locked=&#8221;off&#8221; global_colors_info=&#8221;{}&#8221;][\/et_pb_text][\/et_pb_column][\/et_pb_row][et_pb_row _builder_version=&#8221;4.27.0&#8243; _module_preset=&#8221;default&#8221; background_color=&#8221;RGBA(255,255,255,0)&#8221; global_colors_info=&#8221;{}&#8221;][et_pb_column type=&#8221;4_4&#8243; _builder_version=&#8221;4.17.6&#8243; _module_preset=&#8221;default&#8221; global_colors_info=&#8221;{}&#8221;][\/et_pb_column][\/et_pb_row][\/et_pb_section]\n","protected":false},"excerpt":{"rendered":"<p>V\u00eddeo em LibrasImagem de m\u00e3oTemasPar\u00e2metros da LibrasPalavraExemplo em Portugu\u00easVaria\u00e7\u00f5es Lingu\u00edsticasExemplo em Libras<\/p>\n","protected":false},"author":1,"featured_media":0,"parent":0,"menu_order":0,"comment_status":"closed","ping_status":"closed","template":"","meta":{"_acf_changed":false,"_et_pb_use_builder":"on","_et_pb_old_content":"","_et_gb_content_width":"","footnotes":""},"class_list":["post-3820","page","type-page","status-publish","hentry"],"acf":[],"_hostinger_reach_plugin_has_subscription_block":false,"_hostinger_reach_plugin_is_elementor":false,"_links":{"self":[{"href":"https:\/\/www.itdeaf.com.br\/libras\/wp-json\/wp\/v2\/pages\/3820","targetHints":{"allow":["GET"]}}],"collection":[{"href":"https:\/\/www.itdeaf.com.br\/libras\/wp-json\/wp\/v2\/pages"}],"about":[{"href":"https:\/\/www.itdeaf.com.br\/libras\/wp-json\/wp\/v2\/types\/page"}],"author":[{"embeddable":true,"href":"https:\/\/www.itdeaf.com.br\/libras\/wp-json\/wp\/v2\/users\/1"}],"replies":[{"embeddable":true,"href":"https:\/\/www.itdeaf.com.br\/libras\/wp-json\/wp\/v2\/comments?post=3820"}],"version-history":[{"count":6,"href":"https:\/\/www.itdeaf.com.br\/libras\/wp-json\/wp\/v2\/pages\/3820\/revisions"}],"predecessor-version":[{"id":4340,"href":"https:\/\/www.itdeaf.com.br\/libras\/wp-json\/wp\/v2\/pages\/3820\/revisions\/4340"}],"wp:attachment":[{"href":"https:\/\/www.itdeaf.com.br\/libras\/wp-json\/wp\/v2\/media?parent=3820"}],"curies":[{"name":"wp","href":"https:\/\/api.w.org\/{rel}","templated":true}]}}